when o is divided by 43.
40
Calculate the remainder when (0 - -8)/((-118)/(-225) + 60/(-135)) is divided by 72/3 - (2 + -4).
22
Let b = -25 + 59. Let c = 12310 - 12043. Calculate the remainder when c is divided by b.
29
Let w be (-10)/3*(-6)/5. Suppose 0*c - 5*c + 75 = n, w*c - n = 51. Suppose 78 = 20*v - 462. What is the remainder when v is divided by c?
13
Suppose -3*a + 2*a + 33 = 0. Let f be 8 - 300 - (-9)/3. Let z = -271 - f. Calculate the remainder when a is divided by z.
15
Let u(j) = -7*j**3 + 13*j**2 - 9*j. Let c(a) = -20*a**3 + 37*a**2 - 27*a. Let f(y) = -4*c(y) + 11*u(y). What is the remainder when f(2) is divided by 6?
4
Calculate the remainder when (5 + 79)/28 + (-2292)/(-1) is divided by 2286.
9
Suppose -1082301 + 25100 = -591*q + 663791. Calculate the remainder when q is divided by 162.
158
Suppose 0 = -21*k + 23*k - 4. Let r(t) = 2*t - 2 + t**k - 2 - 10*t. What is the remainder when r(11) is divided by 5?
4
Let z(o) = 51*o**3 - 37*o**2 + 108*o + 5. Calculate the remainder when z(3) is divided by 17.
13
Suppose -1731*b - 1737*b = -3484*b + 3616. Calculate the remainder when 26893 is divided by b.
225
Suppose i - 160 = -3*i. Suppose -2*b = -3*x + 715, -2*x - 17*b + 485 = -10*b. Calculate the remainder when x is divided by i.
39
Let p = -1827 - -1868. What is the remainder when 318 is divided by p?
31
Let x(c) = -365*c + 8540. Calculate the remainder when x(19) is divided by 73.
72
Let s(o) = o**3 + 32*o**2 - o - 32. Let u be s(-32). Suppose u = -3*k - 130 + 151. Calculate the remainder when 19 is divided by k.
5
Let p(l) = -2823*l**2 + 2820*l**2 - 7 - 21*l - 6. Let g be p(-6). Suppose c - 3*q - 17 = 0, 0*c + q = -g*c + 101. What is the remainder when 37 is divided by c?
17
Let o(p) = 3*p**2 - p - 106. Calculate the remainder when o(-13) is divided by 73.
49
Suppose 28*c - 33*c = 15. Let k be (4/(-6))/((-120)/63 - -2). Calculate the remainder when 34 is divided by (7/c)/(((-49)/(-21))/k).
6
Let w(n) = -n + 4. Let t be (-22528)/(-32)*(-2 - -1). Let o = t + 709. What is the remainder when o is divided by w(0)?
1
Let g = -3993 + 4262. What is the remainder when g is divided by 27?
26
Suppose 152*z + 18*z + 36*z - 11124 = 0. Let l = 26 - 11. What is the remainder when z is divided by l?
9
Let p be 2052/(-7)*(-322)/69. Suppose 638 = 59*r - p. Calculate the remainder when 372 is divided by r.
32
Let w = 37 + -16. Suppose -22*l + w*l = -4. Suppose 5*h - 50 + 10 = l*x, 8 = h - 3*x. What is the remainder when 39 is divided by h?
7
Calculate the remainder when 1153 is divided by 15 - -63 - -5*(-5 + 6).
74
Let k(r) = -r**2 - 17*r - 30. Let b be k(-13). Let l = 24 - b. Suppose -j + l*t + 76 = t, 5*j = -4*t + 362. Calculate the remainder when j is divided by 11.
8
Suppose 0 = 3*v - 531 - 78. Let t = v - 79. What is the remainder when 148 is divided by ((-5)/(-25))/1 - t/(-5)?
23
Suppose -7 + 19 = 4*v. Let p(j) = 3*j**2 - 31*j + 43. Let b be p(9). What is the remainder when (b - (-6 - -10))*3 is divided by v?
0
Suppose -5*s + 830 = -4*q, 196 = 2*s - q - 133. What is the remainder when s is divided by 24?
18
Suppose -83183 = -10*a + 62307. Calculate the remainder when a is divided by 10.
9
Suppose 0 = -4*b - 13 - 7, 0 = -5*l - 2*b + 165. Suppose 12*f - 10*f - 376 = 0. Suppose -5*y + f + 157 = 0. What is the remainder when y is divided by l?
34
Let a = -24 + 20. Let o be (-5)/5*a/4. Suppose -48 = -u + 3*b, 0 = 5*u + 2*b - o - 290. Calculate the remainder when u is divided by 9.
3
Let b = 5032 - 4979. What is the remainder when b is divided by 16?
5
Let n be (-203)/58*(-24)/(-14). Let r(v) = -v**3 - 4*v**2 + 7*v - 11. What is the remainder when 225 is divided by r(n)?
16
Let p(g) = -2*g**2 - 3*g + 35. Let z be p(-4). Suppose -18*q + 441 = -z*q. What is the remainder when q is divided by 43?
18
Suppose -1699 = 4*r + 12*b - 17*b, 0 = 2*r + 2*b + 854. Let x = -419 - r. Calculate the remainder when 50 is divided by x.
1
Let l be -2 + 8 - (1 - 1). Let y(t) = -t**2 - 21*t - 71. Let d be y(-16). Suppose -d*b = -l*b - 321. What is the remainder when b is divided by 16?
11
Let m = 25426 + -25410. Calculate the remainder when 141 is divided by m.
13
Suppose -5*z + 3*a + 100 = -2*a, 3*z + 5*a - 84 = 0. Let x(v) = -264*v + 88. Let g be x(0). Let n = g - z. What is the remainder when n is divided by 23?
19
Suppose -3*w + 5*d = 13 + 13, -3*d = 4*w + 25. Let x(f) = 16 + f**2 + 246*f - 100*f - 144*f. Calculate the remainder when x(w) is divided by 26.
25
Let j(s) = 3*s**2 - 19*s - 3. Let q be (160/(-35) - -5) + 120/14. Let v be j(q). What is the remainder when 27 is divided by (-1)/(2 + v/(-33))?
5
Let f(b) = b**3 - 4*b**2 + 6*b - 6. Let h be f(3). Let m(n) = 25*n + 4*n**2 - 9*n**3 - h + 6*n**3 + 2*n**3. What is the remainder when 46 is divided by m(7)?
21
Suppose 0 = 4*k, -250 = -5*c - 4*k - 25. Suppose 0 = -h + 20 + 4. What is the remainder when c is divided by h?
21
Suppose 0 = -16*h + 1373 - 13. Calculate the remainder when 2291 is divided by h.
81
Let t(v) = -27133*v + 135886. Let f = 20 + 5. Calculate the remainder when t(5) is divided by f.
21
Let z(y) be the first derivative of -9*y - 15/2*y**2 + 20. Calculate the remainder when z(-4) is divided by 13.
12
What is the remainder when 479 is divided by 4/(((-2)/(-4))/((-1638)/(-28)))?
11
Let m(t) = 20*t**3 - 24*t**2 + 86*t + 4. Calculate the remainder when m(5) is divided by 102.
90
Let u(g) = -3*g**3 + 52*g**2 + 13*g - 447. Calculate the remainder when 76 is divided by u(17).
13
Let z be 6/8 + ((-2)/(-8) - 0). Let i be z/(2/6)*(-1 - -16). Suppose -4*o = -165 + i. What is the remainder when 57 is divided by o?
27
Let w = 0 + 6. Let g(t) = -t - 843 + 800 - t + 2*t + 8*t. What is the remainder when 8 is divided by g(w)?
3
Suppose -15*i = -73*i + 28710. Calculate the remainder when i is divided by 62.
61
Let i(w) = -w + 20. Let p(s) = 10*s - 15. Let z be p(-4). Let r = -44 - z. Calculate the remainder when i(r) is divided by 5.
4
Let w(z) = 10*z**2 + 619*z - 1870. Calculate the remainder when 820 is divided by w(3).
50
Let t = 11150 + -7917. Calculate the remainder when t is divided by 39.
35
Let p(w) = -w**3 + 10*w**2 - 371*w + 2464. Suppose t = -3*t + 340. Calculate the remainder when t is divided by p(7).
1
Let b(a) = -52*a + 1107. What is the remainder when 256 is divided by b(20)?
55
Let w be 3 + (11/22 - (-1570)/4). Suppose 3*p + 66 = w. What is the remainder when p is divided by 14?
12
Let h(i) = -i**2 - 8*i - 13. Let r be h(-3). Suppose -r*o + 6*o = -16. Calculate the remainder when (0 + o/(-8))/((-2)/(-568)) is divided by 36.
34
Let o(r) = -48*r**3 - r**2 - 23*r - 169. What is the remainder when o(-5) is divided by 47?
46
Calculate the remainder when (-1000 + 954)/(((-4)/66)/1) is divided by 64.
55
Let u(c) = 110*c + 345. What is the remainder when u(0) is divided by 36?
21
Suppose 5*p + 215 = 3*b, -115*b + 112*b = 4*p - 206. What is the remainder when 228 is divided by b?
18
Calculate the remainder when (-9 - 21/(-2))*60 is divided by 76.
14
Suppose 147 + 93 = -4*k. Let u = k + 78. Suppose -u = -6*v + 84. Calculate the remainder when 30 is divided by v.
13
Let t = -3128 + 4704. What is the remainder when t is divided by 392?
8
What is the remainder when 188 is divided by (29/6)/(500/120 - 4)?
14
Let q(n) = n**3 + 13*n**2 - 92*n - 1121. Calculate the remainder when 3320 is divided by q(-11).
128
Suppose 0 = -k - 3*u + 21 + 3, k - 24 = -2*u. Let p = -40 + k. What is the remainder when 41 is divided by (p/40)/((-1)/15)?
5
Let r be 58*(0 + 4/8). Let o = 32 - r. Let g(t) = 9*t**2 - 7*t - 2. What is the remainder when g(2) is divided by o?
2
Suppose 2*w = -0 + 12. Let l(b) = -b**2 + 21*b - 35. Let m = 29 - 11. Calculate the remainder when l(m) is divided by w.
1
Let w be -8*2*(-1)/(-4). Suppose -u + 54 = -4*b + 4*u, 0 = -b - 2*u + 6. Calculate the remainder when 1672/33*b/w is divided by 13.
11
Let g(x) = -2*x**2 + 31*x + 18. Let c be g(16). Suppose -3*s = 5*h - 5, -c*h = s - 2*s - 13. What is the remainder when 3 - (10/s + -94) is divided by 17?
14
Let p = -31235 - -31297. Let l = 53 - 29. What is the remainder when p is divided by l?
14
Let n = -13019 + 14802. What is the remainder when n is divided by 15?
13
Let l(s) = -s**2 + 48*s + 1222. Suppose d = -5*g + 556, d + d = -4*g + 446. Calculate the re